n base 8, what is 11000 - 0?
11000
In base 14, what is d83 - -3?
d86
In base 13, what is -3 + -782?
-785
In base 11, what is -83 + -2?
-85
In base 14, what is 1 - 77?
-76
In base 16, what is -2c + -2a?
-56
In base 11, what is -13 - 34?
-47
In base 9, what is -23 + 4?
-18
In base 15, what is 5 - -22?
27
In base 15, what is d + -67?
-59
In base 13, what is 4a4 + 4?
4a8
In base 2, what is 1100011001 - 111?
1100010010
In base 4, what is -100 + -310?
-1010
In base 14, what is 0 + 331?
331
In base 6, what is -5 - 145?
-154
In base 7, what is 0 + 0?
0
In base 11, what is -125 + 3?
-122
In base 9, what is 810 + 1?
811
In base 9, what is -33 + -48?
-82
In base 3, what is -10 + 101122?
101112
In base 12, what is -5 - -79?
74
In base 16, what is -35b + -5?
-360
In base 3, what is 2 + -210?
-201
In base 9, what is -1 + -64?
-65
In base 4, what is 30202 + -1?
30201
In base 8, what is 3540 - 0?
3540
In base 11, what is 82 - 19?
64
In base 2, what is -1110 + 1010?
-100
In base 16, what is 405 + -2?
403
In base 5, what is 21 + -1021?
-1000
In base 8, what is -2 + -70?
-72
In base 3, what is 10011 - 20?
2221
In base 3, what is 10 + -1?
2
In base 7, what is -2463 - -2?
-2461
In base 14, what is -5 + -1b5?
-1ba
In base 15, what is -3ac - 3?
-3b0
In base 9, what is -3 + -275?
-278
In base 12, what is -28 - -7?
-21
In base 14, what is -7 - -2c?
25
In base 4, what is 1210 - 11?
1133
In base 5, what is 320 - -11?
331
In base 9, what is 0 + -82?
-82
In base 11, what is 41 + 5?
46
In base 2, what is 100010001 - -100?
100010101
In base 4, what is 30 + 2?
32
In base 3, what is -1012122112 - 2?
-1012122121
In base 11, what is -192a + 1?
-1929
In base 11, what is 6 - -19?
24
In base 6, what is 41 + -1024?
-543
In base 7, what is -2 - 110?
-112
In base 6, what is -1 - 1332?
-1333
In base 13, what is 6 + -48?
-42
In base 6, what is -1140154 + 3?
-1140151
In base 11, what is 3531 + -1?
3530
In base 14, what is -4 + 178a?
1786
In base 15, what is -1 - -5d?
5c
In base 3, what is -1 + -21002?
-21010
In base 11, what is 1 - -1410?
1411
In base 11, what is -5 + -26?
-30
In base 4, what is 10 + 310311?
310321
In base 13, what is 4 + -13b?
-137
In base 4, what is 20 + 101?
121
In base 4, what is -321 - -120?
-201
In base 13, what is 346 + 4?
34a
In base 3, what is -10 - -10?
0
In base 11, what is -17aa + -3?
-1802
In base 8, what is -3201 - 1?
-3202
In base 6, what is 1005 - -1?
1010
In base 5, what is 10312 - 43?
10214
In base 9, what is -387 - -3?
-384
In base 10, what is 35 - -246?
281
In base 2, what is -1 + 110101?
110100
In base 8, what is -1110 + -2?
-1112
In base 7, what is -2 - -140?
135
In base 10, what is 27 + 587?
614
In base 15, what is 3 - -67?
6a
In base 16, what is 1c2 + 1?
1c3
In base 14, what is 9 - -9?
14
In base 14, what is -1 + 22?
21
In base 5, what is -304222 - -1?
-304221
In base 12, what is -1 - 479?
-47a
In base 15, what is 3 - 29?
-26
In base 4, what is 2 - 222?
-220
In base 7, what is 4 - 134?
-130
In base 7, what is -16 + -124?
-143
In base 8, what is 3 + -1324?
-1321
In base 2, what is 0 - -1111100?
1111100
In base 15, what is -a8e - -5?
-a89
In base 8, what is -22 - -5?
-15
In base 9, what is 11 - 32?
-21
In base 8, what is -20 - 26?
-46
In base 4, what is 0 + -3011?
-3011
In base 9, what is -812 - -1?
-811
In base 6, what is -2 - -1233?
1231
In base 5, what is -132 - 32?
-214
In base 4, what is -3 + -121332?
-122001
In base 12, what is 2 - 44a6?
-44a4
In base 12, what is -5 + -702?
-707
In base 10, what is -1242 - 4?
-1246
In base 11, what is 71 - 1a9?
-138
In base 10, what is 5925 - 3?
5922
In base 8, what is -1430 - 5?
-1435
In base 8, what is 1 - -30?
31
In base 13, what is -15a - 28?
-185
In base 15, what is -2c2 - 3?
-2c5
In base 13, what is -168 + b2?
-86
In base 9, what is -1021 - -5?
-1015
In base 11, what is 3 - -342?
345
In base 9, what is 4 + 1848?
1853
In base 7, what is -10 - 4551?
-4561
In base 7, what is -4 + 114?
110
In base 5, what is 2141 - -3?
2144
In base 14, what is -55 + 6?
-4d
In base 7, what is 2252 + 1?
2253
In base 8, what is -4 + -701?
-705
In base 15, what is 0 - 36?
-36
In base 9, what is 10 + 114?
124
In base 13, what is -124 + -3?
-127
In base 5, what is -32 + -3?
-40
In base 16, what is -3 + -130?
-133
In base 7, what is -5251 + -1?
-5252
In base 13, what is -c + 4a?
3b
In base 10, what is 91 - 6?
85
In base 6, what is 11 + 130?
141
In base 14, what is a3a - -2?
a3c
In base 15, what is -a - -4?
-6
In base 16, what is -278 - 0?
-278
In base 8, what is -275 + -10?
-305
In base 12, what is -26 - -130?
106
In base 10, what is -154 - -2?
-152
In base 2, what is 11110101 + 0?
11110101
In base 10, what is 4 + 433?
437
In base 14, what is 2 + -a3?
-a1
In base 9, what is 113 + -1?
112
In base 4, what is -31 + 303?
212
In base 14, what is c + 53?
61
In base 9, what is 3777 - -3?
3781
In base 2, what is -111111110 + -101000?
-1000100110
In base 15, what is -6 - 15?
-1b
In base 9, what is -2 + -25?
-27
In base 10, what is 43 - -3?
46
In base 2, what is 11000 + -11?
10101
In base 12, what is -5b5 + 17?
-59a
In base 3, what is 2 + -2?
0
In base 4, what is -11333 - 1112?
-13111
In base 9, what is -53 - 2?
-55
In base 9, what is -1 + -113?
-114
In base 11, what is 291a + -2?
2918
In base 9, what is -1 + 1112?
1111
In base 4, what is 1 - -3110?
3111
In base 8, what is -1 - -34?
33
In base 11, what is -46 - -5?
-41
In base 5, what is 433 + -14?
414
In base 12, what is 2 + -b0?
-aa
In base 8, what is -2246 - -3?
-2243
In base 4, what is 11 + 12?
23
In base 2, what is 11 - 1000111?
-1000100
In base 11, what is -99 + -8?
-a6
In base 2, what is -100 + 1000000?
111100
In base 3, what is 20 + -1221?
-1201
In base 4, what is -10 - 200?
-210
In base 9, what is 5 - -84?
100
In base 14, what is 3a6 + 3?
3a9
In base 2, what is -10010011100101 + -101?
-10010011101010
In base 16, what is 22 + 0?
22
In base 6, what is 2 + -201?
-155
In base 12, what is 23 + 27?
4a
In base 3, what is 12 + 2221012?
2221101
In base 9, what is 72 + 12?
84
In base 8, what is 13 - -130?
143
In base 12, what is -1 + 1451?
1450
In base 11, what is 2 + 488?
48a
In base 15, what is c70 - 4?
c6b
In base 13, what is 4cc + -5?
4c7
In base 11, what is -52 + -1?
-53
In base 3, what is 2 - -1?
10
In base 2, what is -101 + 11010111110?
11010111001
In base 5, what is 30 + -134?
-104
In base 6, what is -45 + -141?
-230
In base 8, what is -660 + 26?
-632
In base 3, what is -2002 + 11022?
2020
In base 7, what is -1120 - -34?
-1053
In base 7, what is 3 - 5225?
-5222
In base 15, what is b - -135?
141
In base 6, what is 1 + -3355?
-3354
In base 4, what is 100 - 12?
22
In base 3, what is -2201 - -100?
-2101
In base 13, what is -1a49 + -3?
-1a4c
In base 15, what is 2ba - 7?
2b3
In base 11, what is 2 + -aa?
-a8
In base 3, what is -2120 - -1?
-2112
In base 9, what is -575 + -7?
-583
In base 5, what is -2042 - 0?
-2042
In base 15, what is 5 - e2?
-dc
In base 8, what is 161 + 15?
176
In base 4, what is -2 - -221000?
220332
In base 13, what is 4 - b?
-7
In base 7, what is -1 + -2426?
-2430
In base 14, what is -2902 + 1?
-2901
In base 14, what is -4 + 2d6?
2d2
In base 11, what is 18 + -204?
-197
In base 3, what is 112 + -101?
11
In base 4, what is -2 - 1321?
-1323
In base 4, what is -303 - -2202?
1233
In base 11, what is 1a4 - -5?
1a9
In base 9, what is -5 + -153?
-158
In base 6, what is 35415 + -3?
35412
In base 2, what is -1000001101 + 1000?
-1000000101
In base 11, what is -1 - -4089?
4088
In base 7, what is -43461 + 1?
-43460
In base 4, what is -11021 + 2?
-11013
In base 4, what is -1 - -10012?
10011
In base 7, what is -6 + -1543?
-1552
In base 3, what is 12 + 10001012?
10001101
In base 9, what is 26 + 4?
31
In base 10, what is -799 - -3?
-796
In base 5, what is 4202423 + -1?
4202422
In base 10, what is -2 - 1286?
-1288
In base 11, what is 2 - 47?
-45
In base 11, what is 15 - 4?
11
In base 13, what is 3 + 13?
16
In base 8, what is -3 + -235?
-240
In base 11, what is 1239 + 3?
1241
In base 8, what is -1 - 36?
-37
In base 16, what is -3205 - -1?
-3204
In base 9, what is -1 + -30?
-31
In base 10, what is -21 + 1?
-20
In base 10, what is 591 - 5?
586
In base 10, what is 60 + 0?
60
In base 4, what is -3 + 32?
23
In base 10, what is 15401 + 5?
15406
In base 10, what is 8 + -419?
-411
In base 16, 